{"id":2105,"date":"2022-04-29T07:49:17","date_gmt":"2022-04-29T07:49:17","guid":{"rendered":"http:\/\/sfaltea.com\/events\/concierto-de-primavera\/"},"modified":"2022-04-29T08:14:32","modified_gmt":"2022-04-29T08:14:32","slug":"concierto-de-primavera","status":"publish","type":"mec-events","link":"https:\/\/www.sfaltea.com\/es\/event\/concierto-de-primavera\/","title":{"rendered":"Concert de Primavera \u2013 Banda Simf\u00f2nica de la SFA"},"content":{"rendered":"<p>20-05-2022 | 20:30 h | Palau Altea<\/p>\n<p><strong>Concierto de Primavera<\/strong><br \/>\nBanda Sinf\u00f3nica de la SFA.<br \/>\nDirector: Rafael M. Garrig\u00f3s Garc\u00eda.<\/p>\n<p>Con la interpretaci\u00f3n de diversas transcripciones de obras (Tchaikovski, Rossini o el valenciano Serrano) en la primera parte, y una genial selecci\u00f3n de obras originales para banda en la segunda parte.<\/p>\n<p>Entrada libre limitada al aforo.<\/p>\n<p>&nbsp;<\/p>\n<p><img loading=\"lazy\" class=\"size-full wp-image-2103 aligncenter\" src=\"http:\/\/sfaltea.com\/wp-content\/uploads\/2022\/04\/Programa-concert-primavera-banda-sfa-20-05-2022-768x437-1.jpg\" alt=\"\" width=\"768\" height=\"437\" srcset=\"https:\/\/www.sfaltea.com\/wp-content\/uploads\/2022\/04\/Programa-concert-primavera-banda-sfa-20-05-2022-768x437-1.jpg 768w, https:\/\/www.sfaltea.com\/wp-content\/uploads\/2022\/04\/Programa-concert-primavera-banda-sfa-20-05-2022-768x437-1-300x171.jpg 300w, https:\/\/www.sfaltea.com\/wp-content\/uploads\/2022\/04\/Programa-concert-primavera-banda-sfa-20-05-2022-768x437-1-100x57.jpg 100w\" sizes=\"(max-width: 768px) 100vw, 768px\" \/><\/p>\n<p>&nbsp;<\/p>\n<p><img loading=\"lazy\" class=\"size-full wp-image-2101 aligncenter\" src=\"http:\/\/sfaltea.com\/wp-content\/uploads\/2022\/04\/ConcertPrimaveraSFA2022_Cartell-01-768x1086-1.jpg\" alt=\"\" width=\"768\" height=\"1086\" srcset=\"https:\/\/www.sfaltea.com\/wp-content\/uploads\/2022\/04\/ConcertPrimaveraSFA2022_Cartell-01-768x1086-1.jpg 768w, https:\/\/www.sfaltea.com\/wp-content\/uploads\/2022\/04\/ConcertPrimaveraSFA2022_Cartell-01-768x1086-1-212x300.jpg 212w, https:\/\/www.sfaltea.com\/wp-content\/uploads\/2022\/04\/ConcertPrimaveraSFA2022_Cartell-01-768x1086-1-724x1024.jpg 724w, https:\/\/www.sfaltea.com\/wp-content\/uploads\/2022\/04\/ConcertPrimaveraSFA2022_Cartell-01-768x1086-1-100x141.jpg 100w\" sizes=\"(max-width: 768px) 100vw, 768px\" \/><\/p>\n<p>&nbsp;<\/p>\n","protected":false},"excerpt":{"rendered":"<p>20-05-2022 | 20:30 h | Palau Altea Concierto de Primavera Banda Sinf\u00f3nica de la SFA. Director: Rafael M. Garrig\u00f3s Garc\u00eda. Con la interpretaci\u00f3n de diversas transcripciones de obras (Tchaikovski, Rossini &#8230;<\/p>\n","protected":false},"author":1,"featured_media":2100,"comment_status":"open","ping_status":"closed","template":"","tags":[81],"mec_category":[82],"_links":{"self":[{"href":"https:\/\/www.sfaltea.com\/es\/wp-json\/wp\/v2\/mec-events\/2105"}],"collection":[{"href":"https:\/\/www.sfaltea.com\/es\/wp-json\/wp\/v2\/mec-events"}],"about":[{"href":"https:\/\/www.sfaltea.com\/es\/wp-json\/wp\/v2\/types\/mec-events"}],"author":[{"embeddable":true,"href":"https:\/\/www.sfaltea.com\/es\/wp-json\/wp\/v2\/users\/1"}],"replies":[{"embeddable":true,"href":"https:\/\/www.sfaltea.com\/es\/wp-json\/wp\/v2\/comments?post=2105"}],"wp:featuredmedia":[{"embeddable":true,"href":"https:\/\/www.sfaltea.com\/es\/wp-json\/wp\/v2\/media\/2100"}],"wp:attachment":[{"href":"https:\/\/www.sfaltea.com\/es\/wp-json\/wp\/v2\/media?parent=2105"}],"wp:term":[{"taxonomy":"post_tag","embeddable":true,"href":"https:\/\/www.sfaltea.com\/es\/wp-json\/wp\/v2\/tags?post=2105"},{"taxonomy":"mec_category","embeddable":true,"href":"https:\/\/www.sfaltea.com\/es\/wp-json\/wp\/v2\/mec_category?post=2105"}],"curies":[{"name":"wp","href":"https:\/\/api.w.org\/{rel}","templated":true}]}}

Concert de Primavera – Banda Simfònica de la SFA

<p>20-05-2022 | 20:30 h | Palau Altea</p>
<p><strong>Concierto de Primavera</strong><br />
Banda Sinfónica de la SFA.<br />
Director: Rafael M. Garrigós García.</p>
<p>Con la interpretación de diversas transcripciones de obras (Tchaikovski, Rossini o el valenciano Serrano) en la primera parte, y una genial selección de obras originales para banda en la segunda parte.</p>
<p>Entrada libre limitada al aforo.</p>
<p>&nbsp;</p>
<p><img loading="lazy" class="size-full wp-image-2103 aligncenter" src="http://sfaltea.com/wp-content/uploads/2022/04/Programa-concert-primavera-banda-sfa-20-05-2022-768x437-1.jpg" alt="" width="768" height="437" srcset="https://www.sfaltea.com/wp-content/uploads/2022/04/Programa-concert-primavera-banda-sfa-20-05-2022-768x437-1.jpg 768w, https://www.sfaltea.com/wp-content/uploads/2022/04/Programa-concert-primavera-banda-sfa-20-05-2022-768x437-1-300x171.jpg 300w, https://www.sfaltea.com/wp-content/uploads/2022/04/Programa-concert-primavera-banda-sfa-20-05-2022-768x437-1-100x57.jpg 100w" sizes="(max-width: 768px) 100vw, 768px" /></p>
<p>&nbsp;</p>
<p><img loading="lazy" class="size-full wp-image-2101 aligncenter" src="http://sfaltea.com/wp-content/uploads/2022/04/ConcertPrimaveraSFA2022_Cartell-01-768x1086-1.jpg" alt="" width="768" height="1086" srcset="https://www.sfaltea.com/wp-content/uploads/2022/04/ConcertPrimaveraSFA2022_Cartell-01-768x1086-1.jpg 768w, https://www.sfaltea.com/wp-content/uploads/2022/04/ConcertPrimaveraSFA2022_Cartell-01-768x1086-1-212x300.jpg 212w, https://www.sfaltea.com/wp-content/uploads/2022/04/ConcertPrimaveraSFA2022_Cartell-01-768x1086-1-724x1024.jpg 724w, https://www.sfaltea.com/wp-content/uploads/2022/04/ConcertPrimaveraSFA2022_Cartell-01-768x1086-1-100x141.jpg 100w" sizes="(max-width: 768px) 100vw, 768px" /></p>
<p>&nbsp;</p>

<p>20-05-2022 | 20:30 h | Palau Altea Concierto de Primavera Banda Sinfónica de la SFA. Director: Rafael M. Garrigós García. Con la interpretación de diversas transcripciones de obras (Tchaikovski, Rossini &#8230;</p>
