{"id":2550,"date":"2023-04-27T17:59:04","date_gmt":"2023-04-27T17:59:04","guid":{"rendered":"http:\/\/sfaltea.com\/events\/concert-extraordinari-de-nadal\/"},"modified":"2023-11-28T22:48:34","modified_gmt":"2023-11-28T22:48:34","slug":"concert-extraordinari-de-nadal","status":"publish","type":"mec-events","link":"https:\/\/www.sfaltea.com\/es\/event\/concert-extraordinari-de-nadal\/","title":{"rendered":"Concierto Extraordinario de Navidad"},"content":{"rendered":"<p><img loading=\"lazy\" class=\"aligncenter wp-image-2546 size-large\" src=\"http:\/\/sfaltea.com\/wp-content\/uploads\/2023\/04\/banda-nadal-1024x683.jpg\" alt=\"\" width=\"862\" height=\"575\" srcset=\"https:\/\/www.sfaltea.com\/wp-content\/uploads\/2023\/04\/banda-nadal-1024x683.jpg 1024w, https:\/\/www.sfaltea.com\/wp-content\/uploads\/2023\/04\/banda-nadal-300x200.jpg 300w, https:\/\/www.sfaltea.com\/wp-content\/uploads\/2023\/04\/banda-nadal-768x512.jpg 768w, https:\/\/www.sfaltea.com\/wp-content\/uploads\/2023\/04\/banda-nadal-391x260.jpg 391w, https:\/\/www.sfaltea.com\/wp-content\/uploads\/2023\/04\/banda-nadal-1536x1024.jpg 1536w, https:\/\/www.sfaltea.com\/wp-content\/uploads\/2023\/04\/banda-nadal-100x67.jpg 100w, https:\/\/www.sfaltea.com\/wp-content\/uploads\/2023\/04\/banda-nadal-862x575.jpg 862w, https:\/\/www.sfaltea.com\/wp-content\/uploads\/2023\/04\/banda-nadal-1020x680.jpg 1020w, https:\/\/www.sfaltea.com\/wp-content\/uploads\/2023\/04\/banda-nadal.jpg 2048w\" sizes=\"(max-width: 862px) 100vw, 862px\" \/><\/p>\n<p style=\"text-align: center;\"><strong>23-dic \u00b7 20.30 h \u00b7 Palau Altea<\/strong><\/p>\n<p style=\"text-align: center;\"><strong>Concierto Extraordinario de Navidad<\/strong><\/p>\n<p style=\"text-align: center;\">Banda Sinf\u00f3nica de la Stat. Filharm\u00f2nica Alteanense<\/p>\n<p style=\"text-align: center;\">Con la participaci\u00f3n del coro de ni\u00f1os de EsMuAltea y Conservatorio de Altea<\/p>\n<p style=\"text-align: center;\">Donativo: 6\u20ac (en compra on-line 5\u20ac).<br \/>\nEn: Casa de Cultura Altea \/ Online: alteacultural.com.<br \/>\n[Socios SFA: 1\u00aa entrada 50% Dto., en adicionales 20% Dto.].<\/p>\n<p><a href=\"https:\/\/www.alteacultural.com\/es\/events\/concert-extraordinari-de-nadal-23\/\" target=\"_blank\" rel=\"noopener\">COMPRAR ENTRADAS<\/a><\/p>\n","protected":false},"excerpt":{"rendered":"<p>23-dic \u00b7 20.30 h \u00b7 Palau Altea Concierto Extraordinario de Navidad Banda Sinf\u00f3nica de la Stat. Filharm\u00f2nica Alteanense Con la participaci\u00f3n del coro de ni\u00f1os de EsMuAltea y Conservatorio de &#8230;<\/p>\n","protected":false},"author":1,"featured_media":2549,"comment_status":"open","ping_status":"closed","template":"","tags":[],"mec_category":[82,85],"_links":{"self":[{"href":"https:\/\/www.sfaltea.com\/es\/wp-json\/wp\/v2\/mec-events\/2550"}],"collection":[{"href":"https:\/\/www.sfaltea.com\/es\/wp-json\/wp\/v2\/mec-events"}],"about":[{"href":"https:\/\/www.sfaltea.com\/es\/wp-json\/wp\/v2\/types\/mec-events"}],"author":[{"embeddable":true,"href":"https:\/\/www.sfaltea.com\/es\/wp-json\/wp\/v2\/users\/1"}],"replies":[{"embeddable":true,"href":"https:\/\/www.sfaltea.com\/es\/wp-json\/wp\/v2\/comments?post=2550"}],"wp:featuredmedia":[{"embeddable":true,"href":"https:\/\/www.sfaltea.com\/es\/wp-json\/wp\/v2\/media\/2549"}],"wp:attachment":[{"href":"https:\/\/www.sfaltea.com\/es\/wp-json\/wp\/v2\/media?parent=2550"}],"wp:term":[{"taxonomy":"post_tag","embeddable":true,"href":"https:\/\/www.sfaltea.com\/es\/wp-json\/wp\/v2\/tags?post=2550"},{"taxonomy":"mec_category","embeddable":true,"href":"https:\/\/www.sfaltea.com\/es\/wp-json\/wp\/v2\/mec_category?post=2550"}],"curies":[{"name":"wp","href":"https:\/\/api.w.org\/{rel}","templated":true}]}}

<p><img loading="lazy" class="aligncenter wp-image-2546 size-large" src="http://sfaltea.com/wp-content/uploads/2023/04/banda-nadal-1024x683.jpg" alt="" width="862" height="575" srcset="https://www.sfaltea.com/wp-content/uploads/2023/04/banda-nadal-1024x683.jpg 1024w, https://www.sfaltea.com/wp-content/uploads/2023/04/banda-nadal-300x200.jpg 300w, https://www.sfaltea.com/wp-content/uploads/2023/04/banda-nadal-768x512.jpg 768w, https://www.sfaltea.com/wp-content/uploads/2023/04/banda-nadal-391x260.jpg 391w, https://www.sfaltea.com/wp-content/uploads/2023/04/banda-nadal-1536x1024.jpg 1536w, https://www.sfaltea.com/wp-content/uploads/2023/04/banda-nadal-100x67.jpg 100w, https://www.sfaltea.com/wp-content/uploads/2023/04/banda-nadal-862x575.jpg 862w, https://www.sfaltea.com/wp-content/uploads/2023/04/banda-nadal-1020x680.jpg 1020w, https://www.sfaltea.com/wp-content/uploads/2023/04/banda-nadal.jpg 2048w" sizes="(max-width: 862px) 100vw, 862px" /></p>
<p style="text-align: center;"><strong>23-dic · 20.30 h · Palau Altea</strong></p>
<p style="text-align: center;"><strong>Concierto Extraordinario de Navidad</strong></p>
<p style="text-align: center;">Banda Sinfónica de la Stat. Filharmònica Alteanense</p>
<p style="text-align: center;">Con la participación del coro de niños de EsMuAltea y Conservatorio de Altea</p>
<p style="text-align: center;">Donativo: 6€ (en compra on-line 5€).<br />
En: Casa de Cultura Altea / Online: alteacultural.com.<br />
[Socios SFA: 1ª entrada 50% Dto., en adicionales 20% Dto.].</p>
<p><a href="https://www.alteacultural.com/es/events/concert-extraordinari-de-nadal-23/" target="_blank" rel="noopener">COMPRAR ENTRADAS</a></p>

<p>23-dic · 20.30 h · Palau Altea Concierto Extraordinario de Navidad Banda Sinfónica de la Stat. Filharmònica Alteanense Con la participación del coro de niños de EsMuAltea y Conservatorio de &#8230;</p>
