{"id":4424,"date":"2025-03-05T20:36:08","date_gmt":"2025-03-05T19:36:08","guid":{"rendered":"https:\/\/www.sfaltea.com\/event\/concert-de-primavera-608\/"},"modified":"2025-04-30T16:15:36","modified_gmt":"2025-04-30T15:15:36","slug":"concert-de-primavera-2025","status":"publish","type":"mec-events","link":"https:\/\/www.sfaltea.com\/es\/event\/concert-de-primavera-2025\/","title":{"rendered":"Concierto de Primavera"},"content":{"rendered":"<p><strong>30-abr | 21:00 | Palau Altea<\/strong><\/p>\n<div class=\"x11i5rnm xat24cr x1mh8g0r x1vvkbs xtlvy1s\">Concierto de Primavera<\/div>\n<div class=\"x11i5rnm xat24cr x1mh8g0r x1vvkbs xtlvy1s\">Banda Sinf\u00f3nica de la Sociedad Filarm\u00f3nica Alteanense<br \/>\nDirector: Rafael M. Garrig\u00f3s Garc\u00eda.<\/div>\n<div>\u00b7<\/div>\n<div>Homenaje a Antonio Guardiola por su 100 aniversario.<br \/>\nCon la interpretaci\u00f3n de varias obras de Leonard\u00a0Bernstein, entre otros.<\/div>\n<div>\u00b7<\/div>\n<div>Entrada libre limitada al aforo.<\/div>\n<div>\u00b7<\/div>\n<div><a href=\"https:\/\/www.alteacultural.com\/es\/2025\/03\/28\/programa-15-04-2025\/\" target=\"_blank\" rel=\"noopener\">Pulsa aqu\u00ed para ver el programa del concierto<\/a><\/div>\n<div>\u00b7<\/div>\n<div><a href=\"https:\/\/www.sfaltea.com\/wp-content\/uploads\/2025\/03\/Concert-Primavera-Banda-SFA-Homenatge-ANTONIO-GUARDIOLA-2025.png\" target=\"_blank\" rel=\"noopener\"><img loading=\"lazy\" class=\"aligncenter wp-image-6180\" src=\"https:\/\/www.sfaltea.com\/wp-content\/uploads\/2025\/03\/Concert-Primavera-Banda-SFA-Homenatge-ANTONIO-GUARDIOLA-2025.png\" alt=\"\" width=\"700\" height=\"990\" srcset=\"https:\/\/www.sfaltea.com\/wp-content\/uploads\/2025\/03\/Concert-Primavera-Banda-SFA-Homenatge-ANTONIO-GUARDIOLA-2025.png 1600w, https:\/\/www.sfaltea.com\/wp-content\/uploads\/2025\/03\/Concert-Primavera-Banda-SFA-Homenatge-ANTONIO-GUARDIOLA-2025-212x300.png 212w, https:\/\/www.sfaltea.com\/wp-content\/uploads\/2025\/03\/Concert-Primavera-Banda-SFA-Homenatge-ANTONIO-GUARDIOLA-2025-724x1024.png 724w, https:\/\/www.sfaltea.com\/wp-content\/uploads\/2025\/03\/Concert-Primavera-Banda-SFA-Homenatge-ANTONIO-GUARDIOLA-2025-768x1086.png 768w, https:\/\/www.sfaltea.com\/wp-content\/uploads\/2025\/03\/Concert-Primavera-Banda-SFA-Homenatge-ANTONIO-GUARDIOLA-2025-1086x1536.png 1086w, https:\/\/www.sfaltea.com\/wp-content\/uploads\/2025\/03\/Concert-Primavera-Banda-SFA-Homenatge-ANTONIO-GUARDIOLA-2025-1448x2048.png 1448w, https:\/\/www.sfaltea.com\/wp-content\/uploads\/2025\/03\/Concert-Primavera-Banda-SFA-Homenatge-ANTONIO-GUARDIOLA-2025-100x141.png 100w, https:\/\/www.sfaltea.com\/wp-content\/uploads\/2025\/03\/Concert-Primavera-Banda-SFA-Homenatge-ANTONIO-GUARDIOLA-2025-862x1219.png 862w, https:\/\/www.sfaltea.com\/wp-content\/uploads\/2025\/03\/Concert-Primavera-Banda-SFA-Homenatge-ANTONIO-GUARDIOLA-2025-1020x1443.png 1020w\" sizes=\"(max-width: 700px) 100vw, 700px\" \/><\/a><\/div>\n","protected":false},"excerpt":{"rendered":"<p>30-abr | 21:00 | Palau Altea Concierto de Primavera Banda Sinf\u00f3nica de la Sociedad Filarm\u00f3nica Alteanense Director: Rafael M. Garrig\u00f3s Garc\u00eda. \u00b7 Homenaje a Antonio Guardiola por su 100 aniversario. &#8230;<\/p>\n","protected":false},"author":1,"featured_media":6182,"comment_status":"open","ping_status":"closed","template":"","tags":[],"mec_category":[82,91],"_links":{"self":[{"href":"https:\/\/www.sfaltea.com\/es\/wp-json\/wp\/v2\/mec-events\/4424"}],"collection":[{"href":"https:\/\/www.sfaltea.com\/es\/wp-json\/wp\/v2\/mec-events"}],"about":[{"href":"https:\/\/www.sfaltea.com\/es\/wp-json\/wp\/v2\/types\/mec-events"}],"author":[{"embeddable":true,"href":"https:\/\/www.sfaltea.com\/es\/wp-json\/wp\/v2\/users\/1"}],"replies":[{"embeddable":true,"href":"https:\/\/www.sfaltea.com\/es\/wp-json\/wp\/v2\/comments?post=4424"}],"wp:featuredmedia":[{"embeddable":true,"href":"https:\/\/www.sfaltea.com\/es\/wp-json\/wp\/v2\/media\/6182"}],"wp:attachment":[{"href":"https:\/\/www.sfaltea.com\/es\/wp-json\/wp\/v2\/media?parent=4424"}],"wp:term":[{"taxonomy":"post_tag","embeddable":true,"href":"https:\/\/www.sfaltea.com\/es\/wp-json\/wp\/v2\/tags?post=4424"},{"taxonomy":"mec_category","embeddable":true,"href":"https:\/\/www.sfaltea.com\/es\/wp-json\/wp\/v2\/mec_category?post=4424"}],"curies":[{"name":"wp","href":"https:\/\/api.w.org\/{rel}","templated":true}]}}

<p><strong>30-abr | 21:00 | Palau Altea</strong></p>
<div class="x11i5rnm xat24cr x1mh8g0r x1vvkbs xtlvy1s">Concierto de Primavera</div>
<div class="x11i5rnm xat24cr x1mh8g0r x1vvkbs xtlvy1s">Banda Sinfónica de la Sociedad Filarmónica Alteanense<br />
Director: Rafael M. Garrigós García.</div>
<div>·</div>
<div>Homenaje a Antonio Guardiola por su 100 aniversario.<br />
Con la interpretación de varias obras de Leonard Bernstein, entre otros.</div>
<div>·</div>
<div>Entrada libre limitada al aforo.</div>
<div>·</div>
<div><a href="https://www.alteacultural.com/es/2025/03/28/programa-15-04-2025/" target="_blank" rel="noopener">Pulsa aquí para ver el programa del concierto</a></div>
<div>·</div>
<div><a href="https://www.sfaltea.com/wp-content/uploads/2025/03/Concert-Primavera-Banda-SFA-Homenatge-ANTONIO-GUARDIOLA-2025.png" target="_blank" rel="noopener"><img loading="lazy" class="aligncenter wp-image-6180" src="https://www.sfaltea.com/wp-content/uploads/2025/03/Concert-Primavera-Banda-SFA-Homenatge-ANTONIO-GUARDIOLA-2025.png" alt="" width="700" height="990" srcset="https://www.sfaltea.com/wp-content/uploads/2025/03/Concert-Primavera-Banda-SFA-Homenatge-ANTONIO-GUARDIOLA-2025.png 1600w, https://www.sfaltea.com/wp-content/uploads/2025/03/Concert-Primavera-Banda-SFA-Homenatge-ANTONIO-GUARDIOLA-2025-212x300.png 212w, https://www.sfaltea.com/wp-content/uploads/2025/03/Concert-Primavera-Banda-SFA-Homenatge-ANTONIO-GUARDIOLA-2025-724x1024.png 724w, https://www.sfaltea.com/wp-content/uploads/2025/03/Concert-Primavera-Banda-SFA-Homenatge-ANTONIO-GUARDIOLA-2025-768x1086.png 768w, https://www.sfaltea.com/wp-content/uploads/2025/03/Concert-Primavera-Banda-SFA-Homenatge-ANTONIO-GUARDIOLA-2025-1086x1536.png 1086w, https://www.sfaltea.com/wp-content/uploads/2025/03/Concert-Primavera-Banda-SFA-Homenatge-ANTONIO-GUARDIOLA-2025-1448x2048.png 1448w, https://www.sfaltea.com/wp-content/uploads/2025/03/Concert-Primavera-Banda-SFA-Homenatge-ANTONIO-GUARDIOLA-2025-100x141.png 100w, https://www.sfaltea.com/wp-content/uploads/2025/03/Concert-Primavera-Banda-SFA-Homenatge-ANTONIO-GUARDIOLA-2025-862x1219.png 862w, https://www.sfaltea.com/wp-content/uploads/2025/03/Concert-Primavera-Banda-SFA-Homenatge-ANTONIO-GUARDIOLA-2025-1020x1443.png 1020w" sizes="(max-width: 700px) 100vw, 700px" /></a></div>

<p>30-abr | 21:00 | Palau Altea Concierto de Primavera Banda Sinfónica de la Sociedad Filarmónica Alteanense Director: Rafael M. Garrigós García. · Homenaje a Antonio Guardiola por su 100 aniversario. &#8230;</p>
