{"id":4576,"date":"2025-03-14T18:13:13","date_gmt":"2025-03-14T17:13:13","guid":{"rendered":"https:\/\/www.sfaltea.com\/event\/concert-extraordinari-de-nadal-2025\/"},"modified":"2025-12-10T20:01:28","modified_gmt":"2025-12-10T19:01:28","slug":"concert-extraordinari-de-nadal-2025","status":"publish","type":"mec-events","link":"https:\/\/www.sfaltea.com\/es\/event\/concert-extraordinari-de-nadal-2025\/","title":{"rendered":"Concierto Extraordinario de Navidad"},"content":{"rendered":"<p><a href=\"https:\/\/www.sfaltea.com\/wp-content\/uploads\/2025\/12\/CONCERTS-SFA-NADAL-2025-CARTELL.jpg\" target=\"_blank\" rel=\"noopener\"><img loading=\"lazy\" class=\"aligncenter wp-image-7223\" src=\"https:\/\/www.sfaltea.com\/wp-content\/uploads\/2025\/12\/CONCERTS-SFA-NADAL-2025-CARTELL.jpg\" alt=\"\" width=\"700\" height=\"990\" srcset=\"https:\/\/www.sfaltea.com\/wp-content\/uploads\/2025\/12\/CONCERTS-SFA-NADAL-2025-CARTELL.jpg 1754w, https:\/\/www.sfaltea.com\/wp-content\/uploads\/2025\/12\/CONCERTS-SFA-NADAL-2025-CARTELL-212x300.jpg 212w, https:\/\/www.sfaltea.com\/wp-content\/uploads\/2025\/12\/CONCERTS-SFA-NADAL-2025-CARTELL-724x1024.jpg 724w, https:\/\/www.sfaltea.com\/wp-content\/uploads\/2025\/12\/CONCERTS-SFA-NADAL-2025-CARTELL-768x1086.jpg 768w, https:\/\/www.sfaltea.com\/wp-content\/uploads\/2025\/12\/CONCERTS-SFA-NADAL-2025-CARTELL-1086x1536.jpg 1086w, https:\/\/www.sfaltea.com\/wp-content\/uploads\/2025\/12\/CONCERTS-SFA-NADAL-2025-CARTELL-1448x2048.jpg 1448w, https:\/\/www.sfaltea.com\/wp-content\/uploads\/2025\/12\/CONCERTS-SFA-NADAL-2025-CARTELL-100x141.jpg 100w, https:\/\/www.sfaltea.com\/wp-content\/uploads\/2025\/12\/CONCERTS-SFA-NADAL-2025-CARTELL-862x1219.jpg 862w, https:\/\/www.sfaltea.com\/wp-content\/uploads\/2025\/12\/CONCERTS-SFA-NADAL-2025-CARTELL-1020x1442.jpg 1020w\" sizes=\"(max-width: 700px) 100vw, 700px\" \/><\/a><a href=\"https:\/\/www.sfaltea.com\/wp-content\/uploads\/2023\/04\/banda-nadal.jpg\" target=\"_blank\" rel=\"noopener\"><img loading=\"lazy\" class=\"aligncenter wp-image-2546\" src=\"https:\/\/www.sfaltea.com\/wp-content\/uploads\/2023\/04\/banda-nadal.jpg\" alt=\"\" width=\"700\" height=\"467\" srcset=\"https:\/\/www.sfaltea.com\/wp-content\/uploads\/2023\/04\/banda-nadal.jpg 2048w, https:\/\/www.sfaltea.com\/wp-content\/uploads\/2023\/04\/banda-nadal-300x200.jpg 300w, https:\/\/www.sfaltea.com\/wp-content\/uploads\/2023\/04\/banda-nadal-1024x683.jpg 1024w, https:\/\/www.sfaltea.com\/wp-content\/uploads\/2023\/04\/banda-nadal-768x512.jpg 768w, https:\/\/www.sfaltea.com\/wp-content\/uploads\/2023\/04\/banda-nadal-391x260.jpg 391w, https:\/\/www.sfaltea.com\/wp-content\/uploads\/2023\/04\/banda-nadal-1536x1024.jpg 1536w, https:\/\/www.sfaltea.com\/wp-content\/uploads\/2023\/04\/banda-nadal-100x67.jpg 100w, https:\/\/www.sfaltea.com\/wp-content\/uploads\/2023\/04\/banda-nadal-862x575.jpg 862w, https:\/\/www.sfaltea.com\/wp-content\/uploads\/2023\/04\/banda-nadal-1020x680.jpg 1020w\" sizes=\"(max-width: 700px) 100vw, 700px\" \/><\/a><\/p>\n<p style=\"text-align: center;\"><strong>23-dic \u00b7 20.30 h \u00b7 Palau Altea<\/strong><\/p>\n<p style=\"text-align: center;\"><strong>Concierto Extraordinario de Navidad<\/strong><\/p>\n<p style=\"text-align: center;\">Banda Sinf\u00f3nica de la Sdad. Filarm\u00f3nica Alteanense<\/p>\n<p style=\"text-align: center;\">Con la participaci\u00f3n del coro de ni\u00f1os de EsMuAltea y Conservatorio de Altea<\/p>\n<p style=\"text-align: center;\">Entrada: 6\u20ac (compra online 5\u20ac \u00b7 Socios SFA 1\u00aa entrada 50% Dto. adicionales 20% Dto.)<\/p>\n<p style=\"text-align: center;\">Venta de entradas: <a href=\"https:\/\/www.alteacultural.com\/es\/events\/concert-extraordinari-de-nadal-2025\/\" target=\"_blank\" rel=\"noopener\">clic aqu\u00ed<\/a>.<\/p>\n","protected":false},"excerpt":{"rendered":"<p>23-dic \u00b7 20.30 h \u00b7 Palau Altea Concierto Extraordinario de Navidad Banda Sinf\u00f3nica de la Sdad. Filarm\u00f3nica Alteanense Con la participaci\u00f3n del coro de ni\u00f1os de EsMuAltea y Conservatorio de &#8230;<\/p>\n","protected":false},"author":1,"featured_media":4567,"comment_status":"open","ping_status":"closed","template":"","tags":[],"mec_category":[82,85],"_links":{"self":[{"href":"https:\/\/www.sfaltea.com\/es\/wp-json\/wp\/v2\/mec-events\/4576"}],"collection":[{"href":"https:\/\/www.sfaltea.com\/es\/wp-json\/wp\/v2\/mec-events"}],"about":[{"href":"https:\/\/www.sfaltea.com\/es\/wp-json\/wp\/v2\/types\/mec-events"}],"author":[{"embeddable":true,"href":"https:\/\/www.sfaltea.com\/es\/wp-json\/wp\/v2\/users\/1"}],"replies":[{"embeddable":true,"href":"https:\/\/www.sfaltea.com\/es\/wp-json\/wp\/v2\/comments?post=4576"}],"wp:featuredmedia":[{"embeddable":true,"href":"https:\/\/www.sfaltea.com\/es\/wp-json\/wp\/v2\/media\/4567"}],"wp:attachment":[{"href":"https:\/\/www.sfaltea.com\/es\/wp-json\/wp\/v2\/media?parent=4576"}],"wp:term":[{"taxonomy":"post_tag","embeddable":true,"href":"https:\/\/www.sfaltea.com\/es\/wp-json\/wp\/v2\/tags?post=4576"},{"taxonomy":"mec_category","embeddable":true,"href":"https:\/\/www.sfaltea.com\/es\/wp-json\/wp\/v2\/mec_category?post=4576"}],"curies":[{"name":"wp","href":"https:\/\/api.w.org\/{rel}","templated":true}]}}

<p><a href="https://www.sfaltea.com/wp-content/uploads/2025/12/CONCERTS-SFA-NADAL-2025-CARTELL.jpg" target="_blank" rel="noopener"><img loading="lazy" class="aligncenter wp-image-7223" src="https://www.sfaltea.com/wp-content/uploads/2025/12/CONCERTS-SFA-NADAL-2025-CARTELL.jpg" alt="" width="700" height="990" srcset="https://www.sfaltea.com/wp-content/uploads/2025/12/CONCERTS-SFA-NADAL-2025-CARTELL.jpg 1754w, https://www.sfaltea.com/wp-content/uploads/2025/12/CONCERTS-SFA-NADAL-2025-CARTELL-212x300.jpg 212w, https://www.sfaltea.com/wp-content/uploads/2025/12/CONCERTS-SFA-NADAL-2025-CARTELL-724x1024.jpg 724w, https://www.sfaltea.com/wp-content/uploads/2025/12/CONCERTS-SFA-NADAL-2025-CARTELL-768x1086.jpg 768w, https://www.sfaltea.com/wp-content/uploads/2025/12/CONCERTS-SFA-NADAL-2025-CARTELL-1086x1536.jpg 1086w, https://www.sfaltea.com/wp-content/uploads/2025/12/CONCERTS-SFA-NADAL-2025-CARTELL-1448x2048.jpg 1448w, https://www.sfaltea.com/wp-content/uploads/2025/12/CONCERTS-SFA-NADAL-2025-CARTELL-100x141.jpg 100w, https://www.sfaltea.com/wp-content/uploads/2025/12/CONCERTS-SFA-NADAL-2025-CARTELL-862x1219.jpg 862w, https://www.sfaltea.com/wp-content/uploads/2025/12/CONCERTS-SFA-NADAL-2025-CARTELL-1020x1442.jpg 1020w" sizes="(max-width: 700px) 100vw, 700px" /></a><a href="https://www.sfaltea.com/wp-content/uploads/2023/04/banda-nadal.jpg" target="_blank" rel="noopener"><img loading="lazy" class="aligncenter wp-image-2546" src="https://www.sfaltea.com/wp-content/uploads/2023/04/banda-nadal.jpg" alt="" width="700" height="467" srcset="https://www.sfaltea.com/wp-content/uploads/2023/04/banda-nadal.jpg 2048w, https://www.sfaltea.com/wp-content/uploads/2023/04/banda-nadal-300x200.jpg 300w, https://www.sfaltea.com/wp-content/uploads/2023/04/banda-nadal-1024x683.jpg 1024w, https://www.sfaltea.com/wp-content/uploads/2023/04/banda-nadal-768x512.jpg 768w, https://www.sfaltea.com/wp-content/uploads/2023/04/banda-nadal-391x260.jpg 391w, https://www.sfaltea.com/wp-content/uploads/2023/04/banda-nadal-1536x1024.jpg 1536w, https://www.sfaltea.com/wp-content/uploads/2023/04/banda-nadal-100x67.jpg 100w, https://www.sfaltea.com/wp-content/uploads/2023/04/banda-nadal-862x575.jpg 862w, https://www.sfaltea.com/wp-content/uploads/2023/04/banda-nadal-1020x680.jpg 1020w" sizes="(max-width: 700px) 100vw, 700px" /></a></p>
<p style="text-align: center;"><strong>23-dic · 20.30 h · Palau Altea</strong></p>
<p style="text-align: center;"><strong>Concierto Extraordinario de Navidad</strong></p>
<p style="text-align: center;">Banda Sinfónica de la Sdad. Filarmónica Alteanense</p>
<p style="text-align: center;">Con la participación del coro de niños de EsMuAltea y Conservatorio de Altea</p>
<p style="text-align: center;">Entrada: 6€ (compra online 5€ · Socios SFA 1ª entrada 50% Dto. adicionales 20% Dto.)</p>
<p style="text-align: center;">Venta de entradas: <a href="https://www.alteacultural.com/es/events/concert-extraordinari-de-nadal-2025/" target="_blank" rel="noopener">clic aquí</a>.</p>

<p>23-dic · 20.30 h · Palau Altea Concierto Extraordinario de Navidad Banda Sinfónica de la Sdad. Filarmónica Alteanense Con la participación del coro de niños de EsMuAltea y Conservatorio de &#8230;</p>
