{"id":7123,"date":"2025-11-07T18:17:25","date_gmt":"2025-11-07T17:17:25","guid":{"rendered":"https:\/\/www.sfaltea.com\/event\/festival-de-corals-a-los-montesinos\/"},"modified":"2025-11-07T19:46:16","modified_gmt":"2025-11-07T18:46:16","slug":"festival-de-corals-a-los-montesinos","status":"publish","type":"mec-events","link":"https:\/\/www.sfaltea.com\/es\/event\/festival-de-corals-a-los-montesinos\/","title":{"rendered":"Festival de Corals a Los Montesinos"},"content":{"rendered":"<p>S\u00e1bado 8 de noviembre a las 18.30h en el Auditorio de la Escuela de M\u00fasica y Cultura de Los Montesinos, encuentro de Corales:<\/p>\n<p>* Coral de la Sociedad Filarm\u00f3nica Alteanense<br \/>\n* Crescendo International Choir<br \/>\n* Coral Aromas de Flor de azahar de Los Montesinos<\/p>\n<p>Entrada libre, limitada al aforo.<\/p>\n<p><a href=\"https:\/\/www.losmontesinos.es\/wp-content\/uploads\/2025\/11\/Programa-de-mano-I-Encuentro-Coral-Los-Montesinos-2025.pdf\" target=\"_blank\" rel=\"noopener\">Puede descargar el programa AQU\u00cd<\/a><\/p>\n<p><a href=\"https:\/\/www.sfaltea.com\/wp-content\/uploads\/2025\/11\/encuentro-coral-montesinos.jpg\" target=\"_blank\" rel=\"noopener\"><img loading=\"lazy\" class=\"aligncenter wp-image-7119\" src=\"https:\/\/www.sfaltea.com\/wp-content\/uploads\/2025\/11\/encuentro-coral-montesinos.jpg\" alt=\"\" width=\"700\" height=\"875\" srcset=\"https:\/\/www.sfaltea.com\/wp-content\/uploads\/2025\/11\/encuentro-coral-montesinos.jpg 1638w, https:\/\/www.sfaltea.com\/wp-content\/uploads\/2025\/11\/encuentro-coral-montesinos-240x300.jpg 240w, https:\/\/www.sfaltea.com\/wp-content\/uploads\/2025\/11\/encuentro-coral-montesinos-819x1024.jpg 819w, https:\/\/www.sfaltea.com\/wp-content\/uploads\/2025\/11\/encuentro-coral-montesinos-768x960.jpg 768w, https:\/\/www.sfaltea.com\/wp-content\/uploads\/2025\/11\/encuentro-coral-montesinos-1229x1536.jpg 1229w, https:\/\/www.sfaltea.com\/wp-content\/uploads\/2025\/11\/encuentro-coral-montesinos-100x125.jpg 100w, https:\/\/www.sfaltea.com\/wp-content\/uploads\/2025\/11\/encuentro-coral-montesinos-862x1078.jpg 862w, https:\/\/www.sfaltea.com\/wp-content\/uploads\/2025\/11\/encuentro-coral-montesinos-1020x1275.jpg 1020w\" sizes=\"(max-width: 700px) 100vw, 700px\" \/><\/a><\/p>\n","protected":false},"excerpt":{"rendered":"<p>S\u00e1bado 8 de noviembre a las 18.30h en el Auditorio de la Escuela de M\u00fasica y Cultura de Los Montesinos, encuentro de Corales: * Coral de la Sociedad Filarm\u00f3nica Alteanense &#8230;<\/p>\n","protected":false},"author":1,"featured_media":7121,"comment_status":"open","ping_status":"closed","template":"","tags":[],"mec_category":[102],"_links":{"self":[{"href":"https:\/\/www.sfaltea.com\/es\/wp-json\/wp\/v2\/mec-events\/7123"}],"collection":[{"href":"https:\/\/www.sfaltea.com\/es\/wp-json\/wp\/v2\/mec-events"}],"about":[{"href":"https:\/\/www.sfaltea.com\/es\/wp-json\/wp\/v2\/types\/mec-events"}],"author":[{"embeddable":true,"href":"https:\/\/www.sfaltea.com\/es\/wp-json\/wp\/v2\/users\/1"}],"replies":[{"embeddable":true,"href":"https:\/\/www.sfaltea.com\/es\/wp-json\/wp\/v2\/comments?post=7123"}],"wp:featuredmedia":[{"embeddable":true,"href":"https:\/\/www.sfaltea.com\/es\/wp-json\/wp\/v2\/media\/7121"}],"wp:attachment":[{"href":"https:\/\/www.sfaltea.com\/es\/wp-json\/wp\/v2\/media?parent=7123"}],"wp:term":[{"taxonomy":"post_tag","embeddable":true,"href":"https:\/\/www.sfaltea.com\/es\/wp-json\/wp\/v2\/tags?post=7123"},{"taxonomy":"mec_category","embeddable":true,"href":"https:\/\/www.sfaltea.com\/es\/wp-json\/wp\/v2\/mec_category?post=7123"}],"curies":[{"name":"wp","href":"https:\/\/api.w.org\/{rel}","templated":true}]}}

<p>Sábado 8 de noviembre a las 18.30h en el Auditorio de la Escuela de Música y Cultura de Los Montesinos, encuentro de Corales:</p>
<p>* Coral de la Sociedad Filarmónica Alteanense<br />
* Crescendo International Choir<br />
* Coral Aromas de Flor de azahar de Los Montesinos</p>
<p>Entrada libre, limitada al aforo.</p>
<p><a href="https://www.losmontesinos.es/wp-content/uploads/2025/11/Programa-de-mano-I-Encuentro-Coral-Los-Montesinos-2025.pdf" target="_blank" rel="noopener">Puede descargar el programa AQUÍ</a></p>
<p><a href="https://www.sfaltea.com/wp-content/uploads/2025/11/encuentro-coral-montesinos.jpg" target="_blank" rel="noopener"><img loading="lazy" class="aligncenter wp-image-7119" src="https://www.sfaltea.com/wp-content/uploads/2025/11/encuentro-coral-montesinos.jpg" alt="" width="700" height="875" srcset="https://www.sfaltea.com/wp-content/uploads/2025/11/encuentro-coral-montesinos.jpg 1638w, https://www.sfaltea.com/wp-content/uploads/2025/11/encuentro-coral-montesinos-240x300.jpg 240w, https://www.sfaltea.com/wp-content/uploads/2025/11/encuentro-coral-montesinos-819x1024.jpg 819w, https://www.sfaltea.com/wp-content/uploads/2025/11/encuentro-coral-montesinos-768x960.jpg 768w, https://www.sfaltea.com/wp-content/uploads/2025/11/encuentro-coral-montesinos-1229x1536.jpg 1229w, https://www.sfaltea.com/wp-content/uploads/2025/11/encuentro-coral-montesinos-100x125.jpg 100w, https://www.sfaltea.com/wp-content/uploads/2025/11/encuentro-coral-montesinos-862x1078.jpg 862w, https://www.sfaltea.com/wp-content/uploads/2025/11/encuentro-coral-montesinos-1020x1275.jpg 1020w" sizes="(max-width: 700px) 100vw, 700px" /></a></p>

<p>Sábado 8 de noviembre a las 18.30h en el Auditorio de la Escuela de Música y Cultura de Los Montesinos, encuentro de Corales: * Coral de la Sociedad Filarmónica Alteanense &#8230;</p>
