{"id":7304,"date":"2026-03-11T20:53:56","date_gmt":"2026-03-11T19:53:56","guid":{"rendered":"https:\/\/www.sfaltea.com\/event\/assemblea-gral-ordinaria-de-socis-2026\/"},"modified":"2026-03-11T20:56:03","modified_gmt":"2026-03-11T19:56:03","slug":"assemblea-gral-ordinaria-de-socis-2026","status":"publish","type":"mec-events","link":"https:\/\/www.sfaltea.com\/es\/event\/assemblea-gral-ordinaria-de-socis-2026\/","title":{"rendered":"Asamblea Gral. Ordinaria de Socios 2026"},"content":{"rendered":"<p>La Societat Filharm\u00f2nica Alteanense convoca a sus socios y m\u00fasicos a la Asamblea General ORDINARIA a celebrar el <strong>s\u00e1bado 21 de marzo del 2026<\/strong>, a las 17:00 h en primera convocatoria, y a las <strong>17:30 h<\/strong> en segunda, en la sede social de la SFA.<\/p>\n<p>M\u00e1s info: <a href=\"https:\/\/www.sfaltea.com\/wp-content\/uploads\/2026\/03\/20260310ConvSocisAssembleaOrd20260321Web.pdf\" target=\"_blank\" rel=\"noopener\">VER CONVOCATORIA\/ORDEN DEL D\u00cdA<\/a>.<\/p>\n<div id=\"attachment_4546\" style=\"width: 710px\" class=\"wp-caption aligncenter\"><a href=\"https:\/\/www.sfaltea.com\/wp-content\/uploads\/2025\/03\/ASAMBLEA-24-scaled.jpg\" target=\"_blank\" rel=\"noopener\"><img aria-describedby=\"caption-attachment-4546\" loading=\"lazy\" class=\"wp-image-4546\" src=\"https:\/\/www.sfaltea.com\/wp-content\/uploads\/2025\/03\/ASAMBLEA-24-scaled.jpg\" alt=\"\" width=\"700\" height=\"394\" srcset=\"https:\/\/www.sfaltea.com\/wp-content\/uploads\/2025\/03\/ASAMBLEA-24-scaled.jpg 2560w, https:\/\/www.sfaltea.com\/wp-content\/uploads\/2025\/03\/ASAMBLEA-24-300x169.jpg 300w, https:\/\/www.sfaltea.com\/wp-content\/uploads\/2025\/03\/ASAMBLEA-24-1024x576.jpg 1024w, https:\/\/www.sfaltea.com\/wp-content\/uploads\/2025\/03\/ASAMBLEA-24-768x432.jpg 768w, https:\/\/www.sfaltea.com\/wp-content\/uploads\/2025\/03\/ASAMBLEA-24-1536x864.jpg 1536w, https:\/\/www.sfaltea.com\/wp-content\/uploads\/2025\/03\/ASAMBLEA-24-2048x1152.jpg 2048w, https:\/\/www.sfaltea.com\/wp-content\/uploads\/2025\/03\/ASAMBLEA-24-100x56.jpg 100w, https:\/\/www.sfaltea.com\/wp-content\/uploads\/2025\/03\/ASAMBLEA-24-862x485.jpg 862w, https:\/\/www.sfaltea.com\/wp-content\/uploads\/2025\/03\/ASAMBLEA-24-1020x574.jpg 1020w\" sizes=\"(max-width: 700px) 100vw, 700px\" \/><\/a><p id=\"caption-attachment-4546\" class=\"wp-caption-text\"><em>FOTO DE ARCHIVO (ASAMBLEA SFA 23\/5\/2024)<\/em><\/p><\/div>\n","protected":false},"excerpt":{"rendered":"<p>La Societat Filharm\u00f2nica Alteanense convoca a sus socios y m\u00fasicos a la Asamblea General ORDINARIA a celebrar el s\u00e1bado 21 de marzo del 2026, a las 17:00 h en primera &#8230;<\/p>\n","protected":false},"author":1,"featured_media":6321,"comment_status":"open","ping_status":"closed","template":"","tags":[],"mec_category":[91],"_links":{"self":[{"href":"https:\/\/www.sfaltea.com\/es\/wp-json\/wp\/v2\/mec-events\/7304"}],"collection":[{"href":"https:\/\/www.sfaltea.com\/es\/wp-json\/wp\/v2\/mec-events"}],"about":[{"href":"https:\/\/www.sfaltea.com\/es\/wp-json\/wp\/v2\/types\/mec-events"}],"author":[{"embeddable":true,"href":"https:\/\/www.sfaltea.com\/es\/wp-json\/wp\/v2\/users\/1"}],"replies":[{"embeddable":true,"href":"https:\/\/www.sfaltea.com\/es\/wp-json\/wp\/v2\/comments?post=7304"}],"wp:featuredmedia":[{"embeddable":true,"href":"https:\/\/www.sfaltea.com\/es\/wp-json\/wp\/v2\/media\/6321"}],"wp:attachment":[{"href":"https:\/\/www.sfaltea.com\/es\/wp-json\/wp\/v2\/media?parent=7304"}],"wp:term":[{"taxonomy":"post_tag","embeddable":true,"href":"https:\/\/www.sfaltea.com\/es\/wp-json\/wp\/v2\/tags?post=7304"},{"taxonomy":"mec_category","embeddable":true,"href":"https:\/\/www.sfaltea.com\/es\/wp-json\/wp\/v2\/mec_category?post=7304"}],"curies":[{"name":"wp","href":"https:\/\/api.w.org\/{rel}","templated":true}]}}

<p>La Societat Filharmònica Alteanense convoca a sus socios y músicos a la Asamblea General ORDINARIA a celebrar el <strong>sábado 21 de marzo del 2026</strong>, a las 17:00 h en primera convocatoria, y a las <strong>17:30 h</strong> en segunda, en la sede social de la SFA.</p>
<p>Más info: <a href="https://www.sfaltea.com/wp-content/uploads/2026/03/20260310ConvSocisAssembleaOrd20260321Web.pdf" target="_blank" rel="noopener">VER CONVOCATORIA/ORDEN DEL DÍA</a>.</p>
<div id="attachment_4546" style="width: 710px" class="wp-caption aligncenter"><a href="https://www.sfaltea.com/wp-content/uploads/2025/03/ASAMBLEA-24-scaled.jpg" target="_blank" rel="noopener"><img aria-describedby="caption-attachment-4546" loading="lazy" class="wp-image-4546" src="https://www.sfaltea.com/wp-content/uploads/2025/03/ASAMBLEA-24-scaled.jpg" alt="" width="700" height="394" srcset="https://www.sfaltea.com/wp-content/uploads/2025/03/ASAMBLEA-24-scaled.jpg 2560w, https://www.sfaltea.com/wp-content/uploads/2025/03/ASAMBLEA-24-300x169.jpg 300w, https://www.sfaltea.com/wp-content/uploads/2025/03/ASAMBLEA-24-1024x576.jpg 1024w, https://www.sfaltea.com/wp-content/uploads/2025/03/ASAMBLEA-24-768x432.jpg 768w, https://www.sfaltea.com/wp-content/uploads/2025/03/ASAMBLEA-24-1536x864.jpg 1536w, https://www.sfaltea.com/wp-content/uploads/2025/03/ASAMBLEA-24-2048x1152.jpg 2048w, https://www.sfaltea.com/wp-content/uploads/2025/03/ASAMBLEA-24-100x56.jpg 100w, https://www.sfaltea.com/wp-content/uploads/2025/03/ASAMBLEA-24-862x485.jpg 862w, https://www.sfaltea.com/wp-content/uploads/2025/03/ASAMBLEA-24-1020x574.jpg 1020w" sizes="(max-width: 700px) 100vw, 700px" /></a><p id="caption-attachment-4546" class="wp-caption-text"><em>FOTO DE ARCHIVO (ASAMBLEA SFA 23/5/2024)</em></p></div>

<p>La Societat Filharmònica Alteanense convoca a sus socios y músicos a la Asamblea General ORDINARIA a celebrar el sábado 21 de marzo del 2026, a las 17:00 h en primera &#8230;</p>
