{"id":7330,"date":"2026-03-22T17:52:07","date_gmt":"2026-03-22T16:52:07","guid":{"rendered":"https:\/\/www.sfaltea.com\/event\/cavalcada-dels-reis-dorient-2026\/"},"modified":"2026-03-22T17:53:02","modified_gmt":"2026-03-22T16:53:02","slug":"cavalcada-dels-reis-dorient-2026","status":"publish","type":"mec-events","link":"https:\/\/www.sfaltea.com\/es\/event\/cavalcada-dels-reis-dorient-2026\/","title":{"rendered":"Cabalgata de los Reyes Magos"},"content":{"rendered":"<p>La Banda Sinf\u00f3nica de la SFA acompa\u00f1ar\u00e1 a Melchor, Gaspar y Baltasar que har\u00e1n su llegada con la espectacular Cabalgata de Reyes desde la <span style=\"color: #ff0000;\"><del>pla\u00e7a &#8216;Orquesta Azul&#8217;<\/del><\/span> <span style=\"color: #339966;\">Av. Nucia, 11<\/span> el d\u00eda <strong>5 de enero<\/strong> a las\u00a0<strong>18.00<\/strong> horas hasta la Plaza de los Deportes.<\/p>\n<p>&nbsp;<\/p>\n<p><a href=\"https:\/\/www.sfaltea.com\/wp-content\/uploads\/2025\/01\/Cavalcada-Reis-SFA-Altea_2024-3-scaled.jpg\" target=\"_blank\" rel=\"noopener\"><img loading=\"lazy\" class=\"aligncenter wp-image-4315\" src=\"https:\/\/www.sfaltea.com\/wp-content\/uploads\/2025\/01\/Cavalcada-Reis-SFA-Altea_2024-3-scaled.jpg\" alt=\"\" width=\"700\" height=\"525\" srcset=\"https:\/\/www.sfaltea.com\/wp-content\/uploads\/2025\/01\/Cavalcada-Reis-SFA-Altea_2024-3-scaled.jpg 2560w, https:\/\/www.sfaltea.com\/wp-content\/uploads\/2025\/01\/Cavalcada-Reis-SFA-Altea_2024-3-300x225.jpg 300w, https:\/\/www.sfaltea.com\/wp-content\/uploads\/2025\/01\/Cavalcada-Reis-SFA-Altea_2024-3-1024x768.jpg 1024w, https:\/\/www.sfaltea.com\/wp-content\/uploads\/2025\/01\/Cavalcada-Reis-SFA-Altea_2024-3-768x576.jpg 768w, https:\/\/www.sfaltea.com\/wp-content\/uploads\/2025\/01\/Cavalcada-Reis-SFA-Altea_2024-3-1536x1152.jpg 1536w, https:\/\/www.sfaltea.com\/wp-content\/uploads\/2025\/01\/Cavalcada-Reis-SFA-Altea_2024-3-2048x1536.jpg 2048w, https:\/\/www.sfaltea.com\/wp-content\/uploads\/2025\/01\/Cavalcada-Reis-SFA-Altea_2024-3-100x75.jpg 100w, https:\/\/www.sfaltea.com\/wp-content\/uploads\/2025\/01\/Cavalcada-Reis-SFA-Altea_2024-3-862x647.jpg 862w, https:\/\/www.sfaltea.com\/wp-content\/uploads\/2025\/01\/Cavalcada-Reis-SFA-Altea_2024-3-1020x765.jpg 1020w\" sizes=\"(max-width: 700px) 100vw, 700px\" \/><\/a><\/p>\n<p>&nbsp;<\/p>\n<p>&nbsp;<\/p>\n","protected":false},"excerpt":{"rendered":"<p>La Banda Sinf\u00f3nica de la SFA acompa\u00f1ar\u00e1 a Melchor, Gaspar y Baltasar que har\u00e1n su llegada con la espectacular Cabalgata de Reyes desde la pla\u00e7a &#8216;Orquesta Azul&#8217; Av. Nucia, 11 &#8230;<\/p>\n","protected":false},"author":1,"featured_media":4312,"comment_status":"open","ping_status":"closed","template":"","tags":[],"mec_category":[82],"_links":{"self":[{"href":"https:\/\/www.sfaltea.com\/es\/wp-json\/wp\/v2\/mec-events\/7330"}],"collection":[{"href":"https:\/\/www.sfaltea.com\/es\/wp-json\/wp\/v2\/mec-events"}],"about":[{"href":"https:\/\/www.sfaltea.com\/es\/wp-json\/wp\/v2\/types\/mec-events"}],"author":[{"embeddable":true,"href":"https:\/\/www.sfaltea.com\/es\/wp-json\/wp\/v2\/users\/1"}],"replies":[{"embeddable":true,"href":"https:\/\/www.sfaltea.com\/es\/wp-json\/wp\/v2\/comments?post=7330"}],"wp:featuredmedia":[{"embeddable":true,"href":"https:\/\/www.sfaltea.com\/es\/wp-json\/wp\/v2\/media\/4312"}],"wp:attachment":[{"href":"https:\/\/www.sfaltea.com\/es\/wp-json\/wp\/v2\/media?parent=7330"}],"wp:term":[{"taxonomy":"post_tag","embeddable":true,"href":"https:\/\/www.sfaltea.com\/es\/wp-json\/wp\/v2\/tags?post=7330"},{"taxonomy":"mec_category","embeddable":true,"href":"https:\/\/www.sfaltea.com\/es\/wp-json\/wp\/v2\/mec_category?post=7330"}],"curies":[{"name":"wp","href":"https:\/\/api.w.org\/{rel}","templated":true}]}}

<p>La Banda Sinfónica de la SFA acompañará a Melchor, Gaspar y Baltasar que harán su llegada con la espectacular Cabalgata de Reyes desde la <span style="color: #ff0000;"><del>plaça &#8216;Orquesta Azul&#8217;</del></span> <span style="color: #339966;">Av. Nucia, 11</span> el día <strong>5 de enero</strong> a las <strong>18.00</strong> horas hasta la Plaza de los Deportes.</p>
<p>&nbsp;</p>
<p><a href="https://www.sfaltea.com/wp-content/uploads/2025/01/Cavalcada-Reis-SFA-Altea_2024-3-scaled.jpg" target="_blank" rel="noopener"><img loading="lazy" class="aligncenter wp-image-4315" src="https://www.sfaltea.com/wp-content/uploads/2025/01/Cavalcada-Reis-SFA-Altea_2024-3-scaled.jpg" alt="" width="700" height="525" srcset="https://www.sfaltea.com/wp-content/uploads/2025/01/Cavalcada-Reis-SFA-Altea_2024-3-scaled.jpg 2560w, https://www.sfaltea.com/wp-content/uploads/2025/01/Cavalcada-Reis-SFA-Altea_2024-3-300x225.jpg 300w, https://www.sfaltea.com/wp-content/uploads/2025/01/Cavalcada-Reis-SFA-Altea_2024-3-1024x768.jpg 1024w, https://www.sfaltea.com/wp-content/uploads/2025/01/Cavalcada-Reis-SFA-Altea_2024-3-768x576.jpg 768w, https://www.sfaltea.com/wp-content/uploads/2025/01/Cavalcada-Reis-SFA-Altea_2024-3-1536x1152.jpg 1536w, https://www.sfaltea.com/wp-content/uploads/2025/01/Cavalcada-Reis-SFA-Altea_2024-3-2048x1536.jpg 2048w, https://www.sfaltea.com/wp-content/uploads/2025/01/Cavalcada-Reis-SFA-Altea_2024-3-100x75.jpg 100w, https://www.sfaltea.com/wp-content/uploads/2025/01/Cavalcada-Reis-SFA-Altea_2024-3-862x647.jpg 862w, https://www.sfaltea.com/wp-content/uploads/2025/01/Cavalcada-Reis-SFA-Altea_2024-3-1020x765.jpg 1020w" sizes="(max-width: 700px) 100vw, 700px" /></a></p>
<p>&nbsp;</p>
<p>&nbsp;</p>

<p>La Banda Sinfónica de la SFA acompañará a Melchor, Gaspar y Baltasar que harán su llegada con la espectacular Cabalgata de Reyes desde la plaça &#8216;Orquesta Azul&#8217; Av. Nucia, 11 &#8230;</p>
