{"id":1773,"date":"2021-05-20T11:05:27","date_gmt":"2021-05-20T11:05:27","guid":{"rendered":"http:\/\/sfaltea.com\/organigrama\/"},"modified":"2025-05-25T12:06:07","modified_gmt":"2025-05-25T11:06:07","slug":"organigrama","status":"publish","type":"page","link":"https:\/\/www.sfaltea.com\/es\/organigrama\/","title":{"rendered":"Organigrama"},"content":{"rendered":"\n<p class=\"has-text-align-center has-black-color has-text-color\"><strong>Presidente<\/strong><br>Francisco J. Alvado Silvestre<\/p>\n\n\n\n<div class=\"wp-block-image is-style-rounded\"><figure class=\"aligncenter size-large is-resized\"><img loading=\"lazy\" src=\"https:\/\/www.sfaltea.com\/wp-content\/uploads\/2025\/05\/Francisco-Javier-Alvado-Silvestre-3-1024x1024.jpg\" alt=\"\" class=\"wp-image-6603\" width=\"160\" height=\"160\" srcset=\"https:\/\/www.sfaltea.com\/wp-content\/uploads\/2025\/05\/Francisco-Javier-Alvado-Silvestre-3-1024x1024.jpg 1024w, https:\/\/www.sfaltea.com\/wp-content\/uploads\/2025\/05\/Francisco-Javier-Alvado-Silvestre-3-300x300.jpg 300w, https:\/\/www.sfaltea.com\/wp-content\/uploads\/2025\/05\/Francisco-Javier-Alvado-Silvestre-3-150x150.jpg 150w, https:\/\/www.sfaltea.com\/wp-content\/uploads\/2025\/05\/Francisco-Javier-Alvado-Silvestre-3-768x768.jpg 768w, https:\/\/www.sfaltea.com\/wp-content\/uploads\/2025\/05\/Francisco-Javier-Alvado-Silvestre-3-100x100.jpg 100w, https:\/\/www.sfaltea.com\/wp-content\/uploads\/2025\/05\/Francisco-Javier-Alvado-Silvestre-3-862x862.jpg 862w, https:\/\/www.sfaltea.com\/wp-content\/uploads\/2025\/05\/Francisco-Javier-Alvado-Silvestre-3-1020x1020.jpg 1020w, https:\/\/www.sfaltea.com\/wp-content\/uploads\/2025\/05\/Francisco-Javier-Alvado-Silvestre-3.jpg 1529w\" sizes=\"(max-width: 160px) 100vw, 160px\" \/><\/figure><\/div>\n\n\n\n<hr class=\"wp-block-separator\"\/>\n\n\n\n<p class=\"has-text-align-center\"><strong>Vicepresidentas 1\u00aa y 2\u00aa<\/strong><br>\u00c0ngela Mart\u00ednez Jim\u00e9nez<br>M\u00aa Luisa Merenciano P\u00e9rez<\/p>\n\n\n\n<p class=\"has-text-align-center\"><strong>Secretaria<\/strong><br>Carmen Serrat Morales<\/p>\n\n\n\n<p class=\"has-text-align-center\"><strong>Tesorera<\/strong><br>\u00c1ngela Lavi\u00f3s Berenguer<\/p>\n\n\n\n<p class=\"has-text-align-center\"><strong>Vocales<\/strong><br>Luis Alvado Fresneda<br>Jaume Barber Llinares<br>Anna Falg\u00e1s Alvado<br>Paula Fuster Ballester<br>Juan Tom\u00e1s Lavi\u00f3s Berenguer<br>Miquel Lloren\u00e7 Mart\u00ednez<br>Rosa Maria Mart\u00ednez Garc\u00eda<br>Juan Rojo Ferrer<\/p>\n\n\n\n<p class=\"has-text-align-center\"><strong>Vocales art\u00edsticos<\/strong><br> M\u00f3nica Ivars Llorens (banda)<br>Toni Mulet Ferrer (banda)<br>Anna Fag\u00e1s Alvado (coral)<br>Paco Such Lavi\u00f3s (orquesta pulso y p\u00faa) <\/p>\n\n\n\n<p class=\"has-text-align-center\"><strong><br>Miembro de honor<\/strong><br>Rosa Candela Sanch\u00eds<\/p>\n\n\n\n<p><\/p>\n\n\n\n<div class=\"wp-block-buttons alignwide is-content-justification-center\">\n<div class=\"wp-block-button\"><a class=\"wp-block-button__link\" href=\"http:\/\/sfaltea.com\/wp-content\/uploads\/2021\/05\/juntes-directives-sfa.pdf\" target=\"_blank\" rel=\"noreferrer noopener\">PRESIDENTES\/DIRECTIVAS ANTERIORES<\/a><\/div>\n<\/div>\n\n\n\n<p><\/p>\n\n\n\n<p><strong><br>\u00bfQu\u00e9 es?<\/strong><\/p>\n\n\n\n<p>La asociaci\u00f3n SFA es regida, administrada y representada por una Junta Directiva, constituida por:<br>a) un Presidente<br>b) dos Vicepresidentes, de los que uno necesariamente deber\u00e1 ser miembro art\u00edstico<br>c) un Secretario General<br>d) un Tesorero-Depositario<br>e) ocho Vocales electos por la asamblea<br>f) dos vocales electos por los miembros de la Banda sinf\u00f3nica<br>g) un vocal por cada una de las restantes agrupaciones, elegido por estas.<\/p>\n\n\n\n<p>Se eligen por sufragio libre y secreto.<\/p>\n\n\n\n<p>La elecci\u00f3n de los miembros de la Junta Directiva se hace por votaci\u00f3n de los miembros de la Asamblea General, a excepci\u00f3n del que se\u00f1ala los apartados g) y f) del primer p\u00e1rrafo.<\/p>\n\n\n\n<p>Las candidaturas son abiertas, es decir, cualquier miembro mayor de edad y con capacidad de obrar y obligarse puede presentarse y no es necesario que haya tantos nombres como lugares a cubrir, resultando elegidos los candidatos que hayan obtenido el n\u00famero m\u00e1s grande de votos.<\/p>\n\n\n\n<p>Si no se presentaran todos los cargos, la Junta electa queda facultada para designar los cargos vacantes de modo provisional hasta la siguiente Junta General.<\/p>\n\n\n\n<p>El ejercicio del cargo es gratuito.<\/p>\n\n\n\n<p>Las juntas directivas son convocadas, con su orden del d\u00eda, con cuarenta-ocho horas de anticipaci\u00f3n, por medio de cualquier medio de comunicaci\u00f3n. En supuestos de urgencia, dentro de las veinticuatro horas, sin precisar orden del d\u00eda.<\/p>\n\n\n\n<p>Los miembros de la Junta Directiva ejercen el cargo durante un per\u00edodo de dos a\u00f1os, y pueden ser reelectos consecutivamente por dos per\u00edodos m\u00e1s.<\/p>\n\n\n\n<p>El cese en el cargo antes de extingirse el t\u00e9rmino reglamentario puede deberse a:<br>a) dimisi\u00f3n voluntaria presentada por medio de un escrito en lo que razonen los motivos<br>b) enfermedad que incapacite para el ejercici del cargo<br>c) baja como miembro de la asociaci\u00f3n<br>d) sanci\u00f3n impuesta por una falta cometido en el ejercicio del cargo.<\/p>\n\n\n\n<p>Las vacantes que se produzcan en la Junta Directiva se cubrir\u00e1n en la primera Asamblea General que se celebre. No obstante la Junta Directiva podr\u00e1 nombrar provisionalmente al socio que estime conveniente para el cargo vacante, hasta la siguiente Asamblea General.<\/p>\n\n\n\n<p>La Junta Directiva posee las siguientes facultades:<br>a) Ostentar y ejercitar la representaci\u00f3n de la asociaci\u00f3n y llevar a cabo la direcci\u00f3n y la administraci\u00f3n de la manera m\u00e1s amplia que reconozca la Ley y cumplir las decisiones tomadas por la Asamblea General, y de acuerdo con las normas, las instrucciones y las direcciones generales que la Asamblea General establezca.<br>b) Tomar los acuerdos necesarios para la comparecencia delante de los Organismos P\u00fablicos, para el ejercicio de toda clase de acciones legales y para oponerse a las que contra la asociaci\u00f3n se formulen, as\u00ed como para interponer los recursos pertinentes.<br>c) Proponer a la Asamblea General la defensa de los intereses de la asociaci\u00f3n SFA<br>d) Convocar las Asambleas Generales y controlar que los acuerdos que all\u00ed se adopten, se cumplan.<br>e) Presentar el balance y el estado de cuentas de cada ejercicio de la Asamblea General para que los apruebe, y confeccionar los presupuestos de el ejercicio siguiente.<br>f) Elaborar la memoria anual de actividades y someterla a la aprovaci\u00f3n de la Asamblea General.<br>g) Contratar a los empleados que pueda tener la asociaci\u00f3n, a propuesta del Presidente y\/o del Secretario, as\u00ed como a los directores de las agrupaciones musicales.<br>h) Inspeccionar la contabilidad y preocuparse que los servicios funcionan con normalidad.<br>i) Establecer grupos de trabajo para conseguir, de la manera m\u00e1s eficiente y eficaz, los fines de la asociaci\u00f3n, y autorizar las actos que estos grupos proyectan realizar.<br>j) Nombrar a la vocal de la Junta Directiva que haya de encargarse de cada grupo de trabajo, a propuesta del mismo grupo.<br>k) Realizar las gestiones necesarias delante de los organismos p\u00fablicos, entidades y otros personas, para conseguir subvenciones u otros ayudas.<br>l) Abrir cuentas corrientes y libretas de ahorro en cualquier establecimiento bancario o de cr\u00e9dito de ahorros y disponer de los fondos que haya en estos depositados. La disposici\u00f3n de fondos se acomodar\u00e1 a los presupuestos aprobados en la oportuna Asamblea General.<br>m) Resolver provisionalmente cualquier caso imprevisto de los Estatutos presentes y dar cuenta de ello en la primera Asamblea General.<br>n) Proponer a la Asamblea General el nombramiento de Socios de Honor y Presidentes de Honor.<br>o) Fijar las cuotas de entrada o de n\u00famero y las aportaciones condicionales, las cuotas ordinarias y derramas extraordinarias y cualquiera otro que los miembros de la asociaci\u00f3n o los usuarios de sus instalaciones deban satisfacer, y dar cuenta a la Asamblea General para su aprobaci\u00f3n.<br>p) Convocar las elecciones a la Junta Directiva.<br>q) Constituir Grupos o Comisiones de trabajo por iniciativa propia o a propuesta de miembros de la asociaci\u00f3n.<br>r) Elaborar el reglamento para el funcionamiento de la Asociaci\u00f3n SFA y de sus instalaciones.<br>s) Dotar a la Asociaci\u00f3 SFA de los modernos mecanismos y equipamientos tecnol\u00f3gicos de administraci\u00f3n y gesti\u00f3n, que faciliten la intercomunicaci\u00f3n personal, econ\u00f3mica y administrativa de la Entidad con sus asociados y con terceros organismos p\u00fablicos y privados, sobre la base de la inform\u00e1tica y las modernas comunicaciones.<br>t) Cualquiera otra facultad que no est\u00e9 atribuida de una manera espec\u00edfica a alg\u00fan otro \u00f3rgano de gobierno de la asociaci\u00f3n o que se delegan expresamente en la Junta Directiva.<\/p>\n","protected":false},"excerpt":{"rendered":"<p>PresidenteFrancisco J. Alvado Silvestre Vicepresidentas 1\u00aa y 2\u00aa\u00c0ngela Mart\u00ednez Jim\u00e9nezM\u00aa Luisa Merenciano P\u00e9rez SecretariaCarmen Serrat Morales Tesorera\u00c1ngela Lavi\u00f3s Berenguer VocalesLuis Alvado FresnedaJaume Barber LlinaresAnna Falg\u00e1s AlvadoPaula Fuster BallesterJuan Tom\u00e1s Lavi\u00f3s &#8230;<\/p>\n","protected":false},"author":1,"featured_media":0,"parent":0,"menu_order":0,"comment_status":"closed","ping_status":"closed","template":"template-layout-full-width.php","meta":[],"_links":{"self":[{"href":"https:\/\/www.sfaltea.com\/es\/wp-json\/wp\/v2\/pages\/1773"}],"collection":[{"href":"https:\/\/www.sfaltea.com\/es\/wp-json\/wp\/v2\/pages"}],"about":[{"href":"https:\/\/www.sfaltea.com\/es\/wp-json\/wp\/v2\/types\/page"}],"author":[{"embeddable":true,"href":"https:\/\/www.sfaltea.com\/es\/wp-json\/wp\/v2\/users\/1"}],"replies":[{"embeddable":true,"href":"https:\/\/www.sfaltea.com\/es\/wp-json\/wp\/v2\/comments?post=1773"}],"version-history":[{"count":14,"href":"https:\/\/www.sfaltea.com\/es\/wp-json\/wp\/v2\/pages\/1773\/revisions"}],"predecessor-version":[{"id":6646,"href":"https:\/\/www.sfaltea.com\/es\/wp-json\/wp\/v2\/pages\/1773\/revisions\/6646"}],"wp:attachment":[{"href":"https:\/\/www.sfaltea.com\/es\/wp-json\/wp\/v2\/media?parent=1773"}],"curies":[{"name":"wp","href":"https:\/\/api.w.org\/{rel}","templated":true}]}}

<p class="has-text-align-center has-black-color has-text-color"><strong>Presidente</strong><br>Francisco J. Alvado Silvestre</p>



<div class="wp-block-image is-style-rounded"><figure class="aligncenter size-large is-resized"><img loading="lazy" src="https://www.sfaltea.com/wp-content/uploads/2025/05/Francisco-Javier-Alvado-Silvestre-3-1024x1024.jpg" alt="" class="wp-image-6603" width="160" height="160" srcset="https://www.sfaltea.com/wp-content/uploads/2025/05/Francisco-Javier-Alvado-Silvestre-3-1024x1024.jpg 1024w, https://www.sfaltea.com/wp-content/uploads/2025/05/Francisco-Javier-Alvado-Silvestre-3-300x300.jpg 300w, https://www.sfaltea.com/wp-content/uploads/2025/05/Francisco-Javier-Alvado-Silvestre-3-150x150.jpg 150w, https://www.sfaltea.com/wp-content/uploads/2025/05/Francisco-Javier-Alvado-Silvestre-3-768x768.jpg 768w, https://www.sfaltea.com/wp-content/uploads/2025/05/Francisco-Javier-Alvado-Silvestre-3-100x100.jpg 100w, https://www.sfaltea.com/wp-content/uploads/2025/05/Francisco-Javier-Alvado-Silvestre-3-862x862.jpg 862w, https://www.sfaltea.com/wp-content/uploads/2025/05/Francisco-Javier-Alvado-Silvestre-3-1020x1020.jpg 1020w, https://www.sfaltea.com/wp-content/uploads/2025/05/Francisco-Javier-Alvado-Silvestre-3.jpg 1529w" sizes="(max-width: 160px) 100vw, 160px" /></figure></div>



<hr class="wp-block-separator"/>



<p class="has-text-align-center"><strong>Vicepresidentas 1ª y 2ª</strong><br>Àngela Martínez Jiménez<br>Mª Luisa Merenciano Pérez</p>



<p class="has-text-align-center"><strong>Secretaria</strong><br>Carmen Serrat Morales</p>



<p class="has-text-align-center"><strong>Tesorera</strong><br>Ángela Laviós Berenguer</p>



<p class="has-text-align-center"><strong>Vocales</strong><br>Luis Alvado Fresneda<br>Jaume Barber Llinares<br>Anna Falgás Alvado<br>Paula Fuster Ballester<br>Juan Tomás Laviós Berenguer<br>Miquel Llorenç Martínez<br>Rosa Maria Martínez García<br>Juan Rojo Ferrer</p>



<p class="has-text-align-center"><strong>Vocales artísticos</strong><br> Mónica Ivars Llorens (banda)<br>Toni Mulet Ferrer (banda)<br>Anna Fagás Alvado (coral)<br>Paco Such Laviós (orquesta pulso y púa) </p>



<p class="has-text-align-center"><strong><br>Miembro de honor</strong><br>Rosa Candela Sanchís</p>



<p></p>



<div class="wp-block-buttons alignwide is-content-justification-center">
<div class="wp-block-button"><a class="wp-block-button__link" href="http://sfaltea.com/wp-content/uploads/2021/05/juntes-directives-sfa.pdf" target="_blank" rel="noreferrer noopener">PRESIDENTES/DIRECTIVAS ANTERIORES</a></div>
</div>



<p></p>



<p><strong><br>¿Qué es?</strong></p>



<p>La asociación SFA es regida, administrada y representada por una Junta Directiva, constituida por:<br>a) un Presidente<br>b) dos Vicepresidentes, de los que uno necesariamente deberá ser miembro artístico<br>c) un Secretario General<br>d) un Tesorero-Depositario<br>e) ocho Vocales electos por la asamblea<br>f) dos vocales electos por los miembros de la Banda sinfónica<br>g) un vocal por cada una de las restantes agrupaciones, elegido por estas.</p>



<p>Se eligen por sufragio libre y secreto.</p>



<p>La elección de los miembros de la Junta Directiva se hace por votación de los miembros de la Asamblea General, a excepción del que señala los apartados g) y f) del primer párrafo.</p>



<p>Las candidaturas son abiertas, es decir, cualquier miembro mayor de edad y con capacidad de obrar y obligarse puede presentarse y no es necesario que haya tantos nombres como lugares a cubrir, resultando elegidos los candidatos que hayan obtenido el número más grande de votos.</p>



<p>Si no se presentaran todos los cargos, la Junta electa queda facultada para designar los cargos vacantes de modo provisional hasta la siguiente Junta General.</p>



<p>El ejercicio del cargo es gratuito.</p>



<p>Las juntas directivas son convocadas, con su orden del día, con cuarenta-ocho horas de anticipación, por medio de cualquier medio de comunicación. En supuestos de urgencia, dentro de las veinticuatro horas, sin precisar orden del día.</p>



<p>Los miembros de la Junta Directiva ejercen el cargo durante un período de dos años, y pueden ser reelectos consecutivamente por dos períodos más.</p>



<p>El cese en el cargo antes de extingirse el término reglamentario puede deberse a:<br>a) dimisión voluntaria presentada por medio de un escrito en lo que razonen los motivos<br>b) enfermedad que incapacite para el ejercici del cargo<br>c) baja como miembro de la asociación<br>d) sanción impuesta por una falta cometido en el ejercicio del cargo.</p>



<p>Las vacantes que se produzcan en la Junta Directiva se cubrirán en la primera Asamblea General que se celebre. No obstante la Junta Directiva podrá nombrar provisionalmente al socio que estime conveniente para el cargo vacante, hasta la siguiente Asamblea General.</p>



<p>La Junta Directiva posee las siguientes facultades:<br>a) Ostentar y ejercitar la representación de la asociación y llevar a cabo la dirección y la administración de la manera más amplia que reconozca la Ley y cumplir las decisiones tomadas por la Asamblea General, y de acuerdo con las normas, las instrucciones y las direcciones generales que la Asamblea General establezca.<br>b) Tomar los acuerdos necesarios para la comparecencia delante de los Organismos Públicos, para el ejercicio de toda clase de acciones legales y para oponerse a las que contra la asociación se formulen, así como para interponer los recursos pertinentes.<br>c) Proponer a la Asamblea General la defensa de los intereses de la asociación SFA<br>d) Convocar las Asambleas Generales y controlar que los acuerdos que allí se adopten, se cumplan.<br>e) Presentar el balance y el estado de cuentas de cada ejercicio de la Asamblea General para que los apruebe, y confeccionar los presupuestos de el ejercicio siguiente.<br>f) Elaborar la memoria anual de actividades y someterla a la aprovación de la Asamblea General.<br>g) Contratar a los empleados que pueda tener la asociación, a propuesta del Presidente y/o del Secretario, así como a los directores de las agrupaciones musicales.<br>h) Inspeccionar la contabilidad y preocuparse que los servicios funcionan con normalidad.<br>i) Establecer grupos de trabajo para conseguir, de la manera más eficiente y eficaz, los fines de la asociación, y autorizar las actos que estos grupos proyectan realizar.<br>j) Nombrar a la vocal de la Junta Directiva que haya de encargarse de cada grupo de trabajo, a propuesta del mismo grupo.<br>k) Realizar las gestiones necesarias delante de los organismos públicos, entidades y otros personas, para conseguir subvenciones u otros ayudas.<br>l) Abrir cuentas corrientes y libretas de ahorro en cualquier establecimiento bancario o de crédito de ahorros y disponer de los fondos que haya en estos depositados. La disposición de fondos se acomodará a los presupuestos aprobados en la oportuna Asamblea General.<br>m) Resolver provisionalmente cualquier caso imprevisto de los Estatutos presentes y dar cuenta de ello en la primera Asamblea General.<br>n) Proponer a la Asamblea General el nombramiento de Socios de Honor y Presidentes de Honor.<br>o) Fijar las cuotas de entrada o de número y las aportaciones condicionales, las cuotas ordinarias y derramas extraordinarias y cualquiera otro que los miembros de la asociación o los usuarios de sus instalaciones deban satisfacer, y dar cuenta a la Asamblea General para su aprobación.<br>p) Convocar las elecciones a la Junta Directiva.<br>q) Constituir Grupos o Comisiones de trabajo por iniciativa propia o a propuesta de miembros de la asociación.<br>r) Elaborar el reglamento para el funcionamiento de la Asociación SFA y de sus instalaciones.<br>s) Dotar a la Asociació SFA de los modernos mecanismos y equipamientos tecnológicos de administración y gestión, que faciliten la intercomunicación personal, económica y administrativa de la Entidad con sus asociados y con terceros organismos públicos y privados, sobre la base de la informática y las modernas comunicaciones.<br>t) Cualquiera otra facultad que no esté atribuida de una manera específica a algún otro órgano de gobierno de la asociación o que se delegan expresamente en la Junta Directiva.</p>

<p>PresidenteFrancisco J. Alvado Silvestre Vicepresidentas 1ª y 2ªÀngela Martínez JiménezMª Luisa Merenciano Pérez SecretariaCarmen Serrat Morales TesoreraÁngela Laviós Berenguer VocalesLuis Alvado FresnedaJaume Barber LlinaresAnna Falgás AlvadoPaula Fuster BallesterJuan Tomás Laviós &#8230;</p>
